 531 - -1216. What is the units digit of l?
7
Suppose 3 = -w + 6. Let q(z) = 10*z - 10*z - w + 6*z + 7*z. What is the tens digit of q(2)?
2
Let z(u) = u**2 - u + 3. Let f be z(0). What is the units digit of -4 - (-7 + f + -46)?
6
Suppose 4*o - 2*x + 640 - 3086 = 0, -3*x = -o + 614. What is the units digit of o?
1
Let c = 53 - 50. Suppose 12 = c*i - 15. What is the units digit of i?
9
Let m(t) be the second derivative of -5*t**3/6 - 5*t**2/2 + t. Let r = 1724 - 1728. What is the tens digit of m(r)?
1
Suppose -3*w - 12 = -5*w. Suppose -5*b + 2*u = -51, -w*u = -b - 3*u + 5. What is the units digit of b?
1
Suppose -5 = 13*v - 18*v, 3*v - 3639 = -3*t. What is the hundreds digit of t?
2
Suppose 4*b + 0*s = -3*s - 323, 5*b = s - 418. Let m = b + 187. What is the hundreds digit of m?
1
Let m = 746 + -444. Suppose 360 = 2*r - 5*n, -215 = -3*r - 4*n + m. What is the tens digit of r?
7
Suppose 4*u - 416 = 232. What is the units digit of u?
2
Let p(y) be the first derivative of y**3/3 - 3*y**2/2 + 10*y - 2. Suppose -3 = 2*w - 11. What is the tens digit of p(w)?
1
Suppose 0 = 4*a + 134 - 1154. Let s = a - 149. What is the hundreds digit of s?
1
Suppose -97 = -6*a + 17. What is the tens digit of a?
1
Let s = 9213 + -4742. What is the tens digit of s?
7
Let x be -3 - (-3 + (140 - -1)). Let a = x + 203. What is the units digit of a?
2
Let a = 8 - 19. What is the units digit of 180/15*3/((-6)/a)?
6
Let g = -34 + 36. Suppose 0 = -g*p + 5*p - 585. What is the hundreds digit of p?
1
Let l(t) = -t + 7. Let q(f) = -f + 15. Let n be q(7). Let x be 1/2 - (-20)/n. What is the units digit of l(x)?
4
Let b(l) be the second derivative of l**4/12 - 5*l**3/6 - 6*l**2 - 7*l. What is the units digit of b(7)?
2
Let d be (-2 - -1) + 2*(-18)/(-12). Let m(v) = -25*v - 3. Let n be m(-4). Suppose -d*g + 4*j + 31 + 69 = 0, 2*g = 3*j + n. What is the tens digit of g?
4
Suppose 0*q + q = 0, 3*b + 6 = 4*q. Let g(m) = 2*m + 1. Let k be g(b). What is the tens digit of (212/(-20))/(k/15)?
5
Suppose -2*k = 2*r - 8692, -6*k - 8716 = 3*r - 5*r. What is the thousands digit of r?
4
Let i be 3*3/((-27)/(-30)). Suppose -5*y = -10*y + i. Suppose -y*a + 98 = 5*c, -5*c - a + 106 = 3*a. What is the units digit of c?
8
Let m(v) = -3*v - 10. Let d be m(-4). Let i(j) = j - 5 - 2*j**2 + 7 + 0*j**2 - d*j + 2*j**3. What is the units digit of i(1)?
1
Let h = 453 + -311. What is the hundreds digit of h?
1
Let u be (65/(-15) - -4)/((-1)/9). What is the tens digit of u/(-9) - (-265)/3?
8
Let l be ((-3)/(-6))/(4/104). Let g = -8 + l. Suppose -4*c + 2*q + 20 = 0, g*c - 5*q + 3 = 28. What is the units digit of c?
5
Let o(f) = 3*f**2 + 4*f - 6. Let c(w) = -w**3 - 2*w**2 + 4*w - 1. Suppose -t = -g - 2*t - 2, -g = -t + 4. Let u be c(g). What is the units digit of o(u)?
6
What is the tens digit of (-39)/(-52) + 3370/8?
2
Suppose 0 = 4*x - 10 - 10. Let v be 3 + -3 + x - 3. Suppose h + v*b = -2*h + 30, 2*b - 6 = 0. What is the units digit of h?
8
Let b(g) = 1670*g**2 - g - 5. What is the units digit of b(-1)?
6
Suppose 7*p - 664 - 3585 = 0. What is the hundreds digit of p?
6
Let u(b) = -130*b**3 - b**2 + b + 3. Suppose -3*r + 33 = 36. What is the tens digit of u(r)?
3
What is the units digit of ((-2)/(-5))/((-61)/(-786290))?
6
Let r(h) = 10*h - 2. Suppose -u - o + 2 = -4, -3*u = -5*o - 42. What is the tens digit of r(u)?
8
Suppose 22 = 4*y - z, -3*z - 9 = -y - z. Suppose 2*g - x + y*x - 24 = 0, 5*g - 81 = -3*x. What is the tens digit of 456/g - 2/(-3)?
2
Let i(s) = s + 5 - 7 - 3 + 4*s**2. Let o be i(-4). What is the units digit of (-38)/5*o/(-22)?
9
Let b(i) = i**3 + 21*i**2 + 7*i - 1. What is the tens digit of b(-14)?
7
Suppose -5*q + q + 196 = 0. Suppose -5*z + 11 = -q. Suppose z*x = 9*x + 75. What is the units digit of x?
5
Let f be 2/3*8*(5 + -2). Let u(n) = -n**3 + 16*n**2 + 4*n + 17. What is the units digit of u(f)?
1
Suppose 13*c - 1116 = -2*s + 8*c, -3*c = 2*s - 1108. What is the hundreds digit of s?
5
Suppose -3*k - 3*f + 7*f + 53 = 0, 0 = f + 2. Suppose -5*l = k, d - l - 4*l = 34. What is the tens digit of d?
1
Suppose -5 = x - 17. Let u(m) = -7 + 13*m + m**2 - 5*m**2 + 3*m**2. What is the units digit of u(x)?
5
Suppose 5*j - 15 = -2*q, -5*q + 0*j = 2*j - 6. Suppose 4*y = 16, -2*y = m - q*y - 33. Suppose 2*l - m = -2*h + h, -5*h = 4*l - 35. What is the tens digit of l?
1
Suppose 12*d - 20*d + 10344 = 0. What is the units digit of d?
3
Let q = -188 + 654. What is the units digit of q?
6
Let q be 3 - (2 + 5)*-1. Suppose -5*t = -2*d - 7, -5*t + 5*d + q = -0. What is the tens digit of 26*t/(2 - 1)?
2
Let c be 14/(-5)*(-10)/4. Let x(q) = -q**2 + 9*q - 7. Let t be x(c). What is the units digit of 8/(-20) - t/(-5)?
1
Let h(j) = 133*j**2 - 5*j - 2. What is the units digit of h(-2)?
0
Let z be (((-6)/(-4))/(-3))/(6/(-24)). Suppose 2*k - 2*s = 260, 0 = -z*s - 3*s. What is the tens digit of k?
3
Let q = -907 - -1608. What is the tens digit of q?
0
Suppose 4*m + 56 = 1708. What is the tens digit of m?
1
Suppose 5*u - u + 3*u = 0. Suppose u = -2*g - 7 + 37. What is the units digit of g?
5
Let z(j) = 5*j - j - 2*j - 4*j - 16. Let r be z(-9). Suppose -4 = 2*p + 2*o - 22, r*p - 2*o - 34 = 0. What is the units digit of p?
3
Let b = 126 - 75. Let d = 64 - b. What is the tens digit of d?
1
Suppose 3*v - 5 - 7 = 0. Suppose 2*b + 4 = 0, v*h - 40 = 2*b - 12. Let a(r) = 2*r**2 - 5*r + 13. What is the units digit of a(h)?
5
Let t = 3430 + -1637. What is the tens digit of t?
9
Let b(t) = -7*t - 161. Let c(z) = -42*z - 966. Let f(n) = 35*b(n) - 6*c(n). What is the units digit of f(0)?
1
Let i = -18 - -23. Suppose -i*c + 4*c + 8 = 0. What is the units digit of c?
8
Let r = -11 + 21. Let u be 2/r - 76/(-20). Suppose -u*a + 30 = a. What is the units digit of a?
6
Suppose 2*j = 61 - 3. Let y = 31 - j. Suppose 5*m - 78 = y. What is the tens digit of m?
1
Let s = -1524 + 2533. What is the tens digit of s?
0
Suppose 3*y = w - 25, 3*w - 46 = -2*y - 4. Let f(d) = -d**2 + 17*d + 16. What is the units digit of f(w)?
2
What is the hundreds digit of (-87430)/(-245) + (2/7)/2?
3
Let s(w) = w - 9. Let b be s(9). Suppose b = -t - 2*i + 11 + 83, 0 = -2*i - 2. Suppose 4*d = -16 + t. What is the units digit of d?
0
Let s(b) = -34*b + 44. Let n be s(-10). Suppose -5*z + n = -4*k, -z + k + 84 = 2*k. What is the tens digit of z?
8
Let l = 16 - -609. What is the hundreds digit of l?
6
Suppose -23527 = -23*x + 16*x. What is the tens digit of x?
6
Let h(s) = -15*s**3 - 2*s**2 - s. Let c be h(-1). Let a = -8 + c. What is the units digit of a?
6
Suppose 3*t - 2*p - 3*p + 5255 = 0, 5 = 5*p. Let s be t/(-8) + 69/(-92). Let i = s - 156. What is the tens digit of i?
6
Let g(a) = -a**2 - 19*a - 38. Let u be g(-13). Suppose -465 = -u*l + 37*l. What is the hundreds digit of l?
1
Suppose 377 = -2*s + 4*s - 3*c, s - 178 = 5*c. Let h = 333 - s. What is the hundreds digit of h?
1
Suppose -3*r = -9, -45 = 2*v - 5*v - 2*r. What is the tens digit of (-892)/(-10) + v/(-65)?
8
Let j(v) = 3*v - 19. Let o be j(8). Suppose -y - y = 2, -o*h - 4*y + 21 = 0. What is the units digit of h?
5
Let s(t) be the third derivative of 13/6*t**4 - 1/2*t**3 + 0 - t**2 + 0*t. What is the tens digit of s(1)?
4
Suppose 0 = q + 6*n - n + 61, 5*q = -5*n - 225. Let f = q + 211. What is the tens digit of f?
7
Let p(r) = 22*r**2 - 4*r. Let z(b) = -b**2 + b + 4. Let k be z(3). What is the tens digit of p(k)?
9
Suppose -4 - 2 = -t. Let j be ((-3)/1)/(t/4). What is the units digit of 20/((-3)/(-1 + j))?
0
Let j = -29 + 30. What is the units digit of j/(-4)*-18*12?
4
Suppose l = 5*l - 128. Suppose -3*k - y = -28, 4*y = -0*k - 3*k + 31. Let i = k + l. What is the tens digit of i?
4
Suppose 3*k - 5 = -14, 5*w = 4*k + 22. Let d(v) = 2*v**3 - 3*v**2 - v + 4. What is the units digit of d(w)?
6
Let v = 806 + -535. What is the hundreds digit of v?
2
Let u(t) = -43*t + 324. What is the units digit of u(-28)?
8
Let m = -274 - -389. What is the units digit of m?
5
Let v(c) = -27*c**3 + c**2 - 6*c - 8. Let r be v(-4). What is the tens digit of 72/126 - r/(-7)?
5
Suppose 2 = y + y. Let f be (4/(-6))/(70/(-315)). Suppose 4*o + f*w = 6*w, o = w - y. What is the units digit of o?
3
Let x(u) = -u**3 + 5*u**2 + 7*u - 5. Let g be x(6). Let l be (-3)/(g/2 + -1). Let k = 26 - l. What is the units digit of k?
0
Suppose 